11d716 - -25?
-11d6e1
In base 9, what is -1028204 - 742?
-1030046
In base 10, what is 15132494 + -1?
15132493
In base 6, what is -2255543035 - -5?
-2255543030
In base 14, what is 11 - 1982920?
-198290d
In base 6, what is 1345004 + 244011?
2033015
In base 8, what is -115373 - -35?
-115336
In base 6, what is -3410 - -35505?
32055
In base 10, what is -3 - -25425190?
25425187
In base 5, what is 111424 + 21444?
133423
In base 16, what is b3d + -15bf?
-a82
In base 3, what is -202101 + 10021120?
2112012
In base 14, what is 111c3c + -480?
11179c
In base 7, what is -2243 + -314235?
-316511
In base 15, what is -ac7 + -361b?
-41e3
In base 13, what is 19c - -131795?
131964
In base 10, what is 1 - 57939185?
-57939184
In base 7, what is -53645 - 1260?
-55235
In base 6, what is -2514055 + 335?
-2513320
In base 10, what is -5 - 82104808?
-82104813
In base 8, what is -2673375264 + 4?
-2673375260
In base 9, what is 1 + -245444460?
-245444458
In base 12, what is -94a483 - -20?
-94a463
In base 5, what is 40142 + 1104143?
1144340
In base 5, what is -420 + -31022432?
-31023402
In base 4, what is 310100330113 + 12?
310100330131
In base 16, what is 568dd + -31?
568ac
In base 16, what is 16 + -bfd09?
-bfcf3
In base 5, what is -3304122223033 - 1?
-3304122223034
In base 13, what is -227 - 3b7c22?
-3b8149
In base 16, what is 393 - -28fe?
2c91
In base 2, what is -110 + -1011111101111101001000011011?
-1011111101111101001000100001
In base 4, what is -212033023 + 1230?
-212031133
In base 12, what is 1a710 - 65b?
1a071
In base 14, what is -3cca4 + -349?
-3d20d
In base 16, what is -66d1e + 24?
-66cfa
In base 13, what is -875c8 - -450?
-87178
In base 2, what is 10001101001100110 - 1011100?
10001101000001010
In base 2, what is -1000101000111010010 + -11100?
-1000101000111101110
In base 4, what is 11313231012 - -100?
11313231112
In base 3, what is -2000 + -1200120210010?
-1200120212010
In base 16, what is -5 - -123fd54?
123fd4f
In base 3, what is 111202 - -2021110100?
2021222002
In base 2, what is -1011111110111100 - -1000011?
-1011111101111001
In base 6, what is 334253130 - -4?
334253134
In base 9, what is 5 + -504337301?
-504337285
In base 8, what is -542 + -26705?
-27447
In base 12, what is 8 + 12106b4?
1210700
In base 11, what is 522365 + -21?
522344
In base 6, what is -1421 + -10321004?
-10322425
In base 7, what is 3402122 + 565?
3403020
In base 11, what is a4a + -935a1?
-92652
In base 14, what is 49a72a + -4d?
49a6bb
In base 7, what is 0 - 134300162?
-134300162
In base 15, what is -504d64 + -a8?
-504e1c
In base 8, what is 0 - 22154262?
-22154262
In base 3, what is -1111000002001202111 - 10?
-1111000002001202121
In base 13, what is 1 - -13cc888?
13cc889
In base 15, what is -dcd5 + c44?
-d091
In base 13, what is 49 - 261a2?
-26156
In base 9, what is -16237 + 303?
-15834
In base 10, what is -89921 + -5571?
-95492
In base 10, what is 3189 + 70467?
73656
In base 8, what is -120 - -170345?
170225
In base 12, what is -1497 - 21517?
-229b2
In base 9, what is -4 - 6710337?
-6710342
In base 8, what is 23476445 - -1?
23476446
In base 9, what is -22247053 - -10?
-22247043
In base 11, what is -7 - 179051?
-179058
In base 10, what is 4996 - 248?
4748
In base 2, what is -1010111011101100110 + 100000100?
-1010111011001100010
In base 10, what is 1934684417 - -3?
1934684420
In base 12, what is -118b14 + -1078?
-119b90
In base 7, what is 0 - -12021453?
12021453
In base 12, what is 4b - -93a2?
9431
In base 4, what is 11 + -1122220001?
-1122213330
In base 6, what is -2504540245 - 4?
-2504540253
In base 16, what is 9c95a4 - 4?
9c95a0
In base 4, what is -1321 - -13011133?
13003212
In base 16, what is 22e686 - 2e?
22e658
In base 9, what is 13628458 + 8?
13628467
In base 14, what is 60c50 - -5?
60c55
In base 6, what is 34535355 + 4?
34535403
In base 13, what is 5 + -93c5a?
-93c55
In base 3, what is 211022000 - -1210211112?
2122010112
In base 16, what is -8 - 211f729?
-211f731
In base 6, what is 5243 - -514234?
523521
In base 16, what is 3d2d321 + -1?
3d2d320
In base 16, what is 10e + -64593?
-64485
In base 15, what is 280 + 58e4?
5b74
In base 5, what is -1133214410 - 321?
-1133220231
In base 3, what is 201101202022121011 - -10?
201101202022121021
In base 3, what is 2101021210010111 - -202?
2101021210011020
In base 15, what is 3 + 616c4?
616c7
In base 7, what is -254103520 - -4?
-254103513
In base 11, what is -566 + -229735?
-22a1a0
In base 4, what is -10 - 1010222303111?
-1010222303121
In base 12, what is -6752528 - -4?
-6752524
In base 15, what is -3 + -90832?
-90835
In base 10, what is 1331 - 45788?
-44457
In base 16, what is -15 - -1a9a93?
1a9a7e
In base 6, what is -205441 - -113215?
-52222
In base 14, what is 25a7594 + -4?
25a7590
In base 8, what is -2632 + 171744?
167112
In base 2, what is 10101 + 11010100110011100101?
11010100110011111010
In base 5, what is -14043003 - 31?
-14043034
In base 5, what is 24104420121 + 2?
24104420123
In base 7, what is -152 - 530325?
-530510
In base 6, what is 0 - -2502023303?
2502023303
In base 9, what is 5424 - -222220?
227644
In base 5, what is 2 - -3143321320?
3143321322
In base 13, what is -2a + 173bc6?
173b99
In base 12, what is 2796aa3 - -14?
2796ab7
In base 12, what is 26 + -15a5366?
-15a5340
In base 15, what is 187004 + 3?
187007
In base 7, what is 25 + 131105262?
131105320
In base 16, what is 3b - 13c725?
-13c6ea
In base 9, what is 3 + 75184468?
75184472
In base 16, what is -324c217 + -4?
-324c21b
In base 10, what is -46015 + 215?
-45800
In base 13, what is -45b + -1036ca?
-103b58
In base 16, what is 2291d5b - 4?
2291d57
In base 6, what is -121 - 132454323?
-132454444
In base 9, what is -73 - 3324200?
-3324273
In base 6, what is -50 + -5413005?
-5413055
In base 4, what is 1011 - 201111103?
-201110032
In base 15, what is 2 + 1262d2a0?
1262d2a2
In base 16, what is -5 + -4648?
-464d
In base 13, what is -1 + 423868?
423867
In base 11, what is 58850 - -21?
58871
In base 3, what is 1112120210 - -11010210?
1200201120
In base 12, what is -43173 - 39?
-431b0
In base 7, what is -121 - -63236564?
63236443
In base 13, what is c260 + -9b?
c192
In base 16, what is -4 - 996657?
-99665b
In base 15, what is 3 - 148029?
-148026
In base 5, what is -4 + -11242332102?
-11242332111
In base 15, what is -53c + 6405?
5db8
In base 4, what is 1202032 + 33330?
1302022
In base 8, what is 31 - -3704562?
3704613
In base 8, what is 166 - 2153144?
-2152756
In base 5, what is 221343011 - 1103?
221341403
In base 8, what is 10503 - -11573?
22276
In base 10, what is 60755555 + 3?
60755558
In base 4, what is -112302122021 - -211?
-112302121210
In base 14, what is -299d886 - 1?
-299d887
In base 3, what is 1002101200101 + -1000?
1002101122101
In base 11, what is 25298 - 203?
25095
In base 3, what is 10121220001011 + -22020?
10121212201221
In base 9, what is 671000622 + 1?
671000623
In base 7, what is -24401 - 145434?
-203135
In base 10, what is -579 + -66283?
-66862
In base 6, what is 22 - -143122042?
143122104
In base 16, what is 1ce8ba3a - 3?
1ce8ba37
In base 14, what is 613ac3 + -5b?
613a66
In base 15, what is e - -4532c4?
4532d3
In base 13, what is -35 + -11875?
-118aa
In base 8, what is 6334206 - -17?
6334225
In base 9, what is -58282 + -52274?
-121566
In base 9, what is 1164371 - 1?
1164370
In base 5, what is -2231103400430 - -4?
-2231103400421
In base 6, what is 35 + 25224112?
25224151
In base 7, what is -5 + -3402261365?
-3402261403
In base 9, what is 11 + 1341006?
1341017
In base 12, what is -13a5 - -964b6?
95111
In base 5, what is 3113421241314 + -4?
3113421241310
In base 7, what is -254422 + -1150?
-255602
In base 2, what is 10011011011110101100100 - -1?
10011011011110101100101
In base 6, what is 515 + 21133353?
21134312
In base 14, what is -277bd - 6d4?
-280b3
In base 6, what is -3 - -23510245352?
23510245345
In base 9, what is 2 + -1825720?
-1825717
In base 10, what is -2 + -5244702?
-5244704
In base 14, what is -3791 + 184d?
-1d42
In base 12, what is 780999b - -2?
78099a1
In base 11, what is 11708147 - -2?
11708149
In base 8, what is -5055676 + 0?
-5055676
In base 16, what is -3331 - -744?
-2bed
In base 15, what is 370 - 39d2?
-3662
In base 6, what is -10131324355 - -3?
-10131324352
In base 2, what is -101 + -11111111011101101000001111?
-11111111011101101000010100
In base 1